{"id":3,"date":"2020-03-21T18:42:13","date_gmt":"2020-03-21T18:42:13","guid":{"rendered":"http:\/\/localhost\/hapkido\/?page_id=3"},"modified":"2020-04-19T19:38:02","modified_gmt":"2020-04-19T17:38:02","slug":"privacy-policy","status":"publish","type":"page","link":"https:\/\/www.hapkido-salzburg.at\/hapkido\/privacy-policy\/","title":{"rendered":"Datenschutzerkl\u00e4rung"},"content":{"rendered":"\n<p>Der Schutz Ihrer pers\u00f6nlichen Daten\nist uns ein besonderes Anliegen. Wir verarbeiten Ihre Daten daher\nausschlie\u00dflich auf Grundlage der gesetzlichen Bestimmungen (DSGVO, TKG 2003).\nIn diesen Datenschutzinformationen informieren wir Sie \u00fcber die wichtigsten\nAspekte der Datenverarbeitung im Rahmen unserer Website.<\/p>\n\n\n\n<p><strong>Kontakt mit uns<\/strong><\/p>\n\n\n\n<p>Wenn Sie per\nFormular auf der Website oder per E-Mail Kontakt mit uns aufnehmen, werden Ihre\nangegebenen Daten zwecks Bearbeitung der Anfrage und f\u00fcr den Fall von\nAnschlussfragen sechs Monate bei uns gespeichert. Diese Daten geben wir nicht\nohne Ihre Einwilligung weiter.<\/p>\n\n\n\n<p><strong>Cookies<\/strong><\/p>\n\n\n\n<p>Unsere\nWebsite verwendet so genannte Cookies. Dabei handelt es sich um kleine\nTextdateien, die mit Hilfe des Browsers auf Ihrem Endger\u00e4t abgelegt werden. Sie\nrichten keinen Schaden an. <\/p>\n\n\n\n<p>Wir nutzen\nCookies dazu, unser Angebot nutzerfreundlich zu gestalten. Einige Cookies\nbleiben auf Ihrem Endger\u00e4t gespeichert, bis Sie diese l\u00f6schen. Sie erm\u00f6glichen\nes uns, Ihren Browser beim n\u00e4chsten Besuch wiederzuerkennen.<\/p>\n\n\n\n<p>Wenn Sie dies\nnicht w\u00fcnschen, so k\u00f6nnen Sie Ihren Browser so einrichten, dass er Sie \u00fcber das\nSetzen von Cookies informiert und Sie dies nur im Einzelfall erlauben. <\/p>\n\n\n\n<p>Bei der\nDeaktivierung von Cookies kann die Funktionalit\u00e4t unserer Website eingeschr\u00e4nkt\nsein.<\/p>\n\n\n\n<p><strong>Web-Analyse (Google Analytics)<\/strong><\/p>\n\n\n\n<p>Unsere Website verwendet Funktionen des\nWebanalysedienstes Google Analytics. Anbieter ist Google Inc., 1600\nAmphitheatre Parkway Mountain View, CA 94043, USA.&nbsp;Dazu werden Cookies\nverwendet, die eine Analyse der Benutzung der Website durch Ihre Benutzer\nerm\u00f6glicht. Die dadurch erzeugten Informationen werden auf den Server des\nAnbieters \u00fcbertragen und dort gespeichert.&nbsp;<\/p>\n\n\n\n<p>Wir nutzen die Funktion \u201eAktivierung der\nIP-Anonymisierung\u201c auf dieser Website. Dadurch wird Ihre IP-Adresse von Google\ninnerhalb von Mitgliedstaaten der Europ\u00e4ischen Union oder in anderen\nVertragsstaaten des Abkommens \u00fcber den Europ\u00e4ischen Wirtschaftsraum vor der\nVerarbeitung\/Speicherung gek\u00fcrzt. Im Auftrag des Betreibers dieser Website wird\nGoogle diese Informationen benutzen, um Ihre Nutzung der Website auszuwerten,\num Reports \u00fcber die Websiteaktivit\u00e4ten zusammenzustellen, um die\nKampagnenleistung von Onlinewerbung f\u00fcr Analyse- und Optimierungszwecke zu\nmessen.<\/p>\n\n\n\n<p>Zu den verarbeiteten Daten z\u00e4hlen insbesondere\nOnline-Kennzeichnungen (einschlie\u00dflich Cookie-Kennungen),\nInternet-Protokoll-Adressen, Ger\u00e4tekennungen, Standortdaten, vom Kunden\nvergebene Kennzeichnungen sowie Nutzerdaten (insbesondere Zeitpunkt und Dauer\ndes Zugriffs, Auswahl bestimmter Angebote, etc.). Mehr Informationen zum Umgang\nmit Nutzerdaten bei Google Analytics finden Sie in der Datenschutzerkl\u00e4rung von\nGoogle, abrufbar unter <a href=\"https:\/\/policies.google.com\/privacy?hl=de\">https:\/\/policies.google.com\/privacy?hl=de<\/a><\/p>\n\n\n\n<p>Sie k\u00f6nnen die Erfassung der durch das Cookie erzeugten und auf Ihre Nutzung der Website bezogenen Daten an Google sowie die Verarbeitung dieser Daten durch Google verhindern, indem Sie das unter dem folgenden Link verf\u00fcgbare Browser- Plugin herunterladen und installieren: <a href=\"https:\/\/tools.google.com\/dlpage\/gaoptout?hl=de\">https:\/\/tools.google.com\/dlpage\/gaoptout?hl=de<\/a><\/p>\n\n\n\n<p>Die Beziehung zum Webanalyseanbieter basiert\nbeim Einsatz von Google Analytics auf einer Auftragsdatenverarbeitung. Die\n\u00dcbermittlung von Daten an den Auftragsverarbeiter basiert auf einem Angemessenheitsbeschluss\nder Europ\u00e4ischen Kommission (Selbstzertifizierung Privacy Shield). Die Daten\nwerden regelm\u00e4\u00dfig (derzeit alle 26 Monate) gel\u00f6scht.<\/p>\n\n\n\n<p><strong>Ihre Rechte<\/strong><\/p>\n\n\n\n<p>Ihnen stehen\nbez\u00fcglich Ihrer bei uns gespeicherten Daten grunds\u00e4tzlich die Rechte auf Auskunft,\nBerichtigung, L\u00f6schung, Einschr\u00e4nkung, Daten\u00fcbertragbarkeit, Widerruf und\nWiderspruch zu. Wenn Sie glauben, dass die Verarbeitung Ihrer Daten gegen das\nDatenschutzrecht verst\u00f6\u00dft oder Ihre datenschutzrechtlichen Anspr\u00fcche sonst in\neiner Weise verletzt worden sind, k\u00f6nnen Sie sich bei der Datenschutzbeh\u00f6rde\nbeschweren.<\/p>\n\n\n\n<p><strong>Sie erreichen uns unter folgenden Kontaktdaten<\/strong>: <\/p>\n\n\n\n<p><em>Hapkido Verein ASK\u00d6 Salzburg<\/em><br> Dr. Christian Wagner: Tel.: +43 664 1409776 <br> E-Mail: office@hapkido-salzburg.at <\/p>\n","protected":false},"excerpt":{"rendered":"<p>Der Schutz Ihrer pers\u00f6nlichen Daten ist uns ein besonderes Anliegen. Wir verarbeiten Ihre Daten daher ausschlie\u00dflich auf Grundlage der gesetzlichen Bestimmungen (DSGVO, TKG 2003). In diesen Datenschutzinformationen informieren wir Sie \u00fcber die wichtigsten Aspekte der Datenverarbeitung im Rahmen unserer Website. Kontakt mit uns Wenn Sie per Formular auf der Website [&hellip;]<\/p>\n","protected":false},"author":1,"featured_media":0,"parent":0,"menu_order":0,"comment_status":"closed","ping_status":"open","template":"page-templates\/template-fullwidth.php","meta":{"footnotes":""},"class_list":["post-3","page","type-page","status-publish","hentry"],"_links":{"self":[{"href":"https:\/\/www.hapkido-salzburg.at\/hapkido\/wp-json\/wp\/v2\/pages\/3","targetHints":{"allow":["GET"]}}],"collection":[{"href":"https:\/\/www.hapkido-salzburg.at\/hapkido\/wp-json\/wp\/v2\/pages"}],"about":[{"href":"https:\/\/www.hapkido-salzburg.at\/hapkido\/wp-json\/wp\/v2\/types\/page"}],"author":[{"embeddable":true,"href":"https:\/\/www.hapkido-salzburg.at\/hapkido\/wp-json\/wp\/v2\/users\/1"}],"replies":[{"embeddable":true,"href":"https:\/\/www.hapkido-salzburg.at\/hapkido\/wp-json\/wp\/v2\/comments?post=3"}],"version-history":[{"count":1,"href":"https:\/\/www.hapkido-salzburg.at\/hapkido\/wp-json\/wp\/v2\/pages\/3\/revisions"}],"predecessor-version":[{"id":472,"href":"https:\/\/www.hapkido-salzburg.at\/hapkido\/wp-json\/wp\/v2\/pages\/3\/revisions\/472"}],"wp:attachment":[{"href":"https:\/\/www.hapkido-salzburg.at\/hapkido\/wp-json\/wp\/v2\/media?parent=3"}],"curies":[{"name":"wp","href":"https:\/\/api.w.org\/{rel}","templated":true}]}}