{"id":53,"date":"2020-03-21T20:18:53","date_gmt":"2020-03-21T20:18:53","guid":{"rendered":"http:\/\/localhost\/hapkido\/?page_id=53"},"modified":"2020-04-19T19:35:59","modified_gmt":"2020-04-19T17:35:59","slug":"prinzipien","status":"publish","type":"page","link":"https:\/\/www.hapkido-salzburg.at\/hapkido\/prinzipien\/","title":{"rendered":"Prinzipien"},"content":{"rendered":"\n<p><strong>HAP KI DO<\/strong>&nbsp;ist in seinen Techniken und ganz allgemein auf drei Prinzipien aufgebaut:&nbsp;<strong>Kreis<\/strong>&nbsp;\u2013&nbsp;<strong>Fluss<\/strong>&nbsp;\u2013&nbsp;<strong>Einwirkung<\/strong>.<\/p>\n\n\n\n<p>Alle drei Prinzipien vereinigen sich in jeder Hap Ki Do Technik. Auch der Lebensweg des Hap Ki Do Sch\u00fclers basiert auf diesen Prinzipien. Durch das Studium der Hap Ki Do Techniken lernt der Sch\u00fcler die Prinzipien zu erkennen und in seinen Alltag zu integrieren.<\/p>\n\n\n\n<h3 class=\"wp-block-heading\">Das Prinzip des Kreises (Won)<\/h3>\n\n\n\n<div class=\"wp-block-group\"><div class=\"wp-block-group__inner-container is-layout-flow wp-block-group-is-layout-flow\">\n<div class=\"wp-block-image\"><figure class=\"alignright size-large\"><img loading=\"lazy\" decoding=\"async\" width=\"300\" height=\"252\" src=\"http:\/\/localhost\/hapkido\/wp-content\/uploads\/2020\/03\/Kreisprinzip-300x252-1.png\" alt=\"\" class=\"wp-image-16\"\/><\/figure><\/div>\n\n\n\n<p> Der Kreis ist eine Grundform aus der Natur. Kreisf\u00f6rmige Bewegungen wirken harmonisch, auch f\u00fcr den Ausf\u00fchrenden. HAP KI DO Techniken werden stets so ausgef\u00fchrt, dass die durch den Angreifer einwirkende Kraft in eine kreisf\u00f6rmige Bewegung umgelenkt wird.Durch Erkennen und Weiterf\u00fchren dieser Angriffsenergie kann der HAP KI DO-Sch\u00fcler diese zum eigenen Vorteil nutzen.&nbsp;Die Angriffsenergie wird so \u00fcber das Kreisprinzip zum Angreifer hin zur\u00fcck gerichtet. Das Prinzip des Kreises bleibt bei den HAP KI DO-Sch\u00fclern nicht nur auf die Techniken im HAP KI DO allein beschr\u00e4nkt, sondern findet auch Eingang in ihr t\u00e4gliches Leben. Auch hier wird versucht in jeder Situation Kraft nicht auf Gegenkraft treffen zu lassen, sondern durch \u201eEin- oder Umlenken\u201c derselben das direkte Aufeinanderprallen zu verhindern, denn:\u201cJe st\u00e4rker ein Ball gegen die Wand geworfen wird, desto st\u00e4rker wird er zur\u00fcckprallen\u201d. <\/p>\n<\/div><\/div>\n\n\n\n<h3 class=\"wp-block-heading\">Das Prinzip des Flusses (Yu)<\/h3>\n\n\n\n<div class=\"wp-block-group\"><div class=\"wp-block-group__inner-container is-layout-flow wp-block-group-is-layout-flow\">\n<div class=\"wp-block-image\"><figure class=\"alignright size-large\"><img loading=\"lazy\" decoding=\"async\" width=\"300\" height=\"261\" src=\"http:\/\/localhost\/hapkido\/wp-content\/uploads\/2020\/03\/FlussPrinzip-300x261-1.png\" alt=\"\" class=\"wp-image-13\"\/><\/figure><\/div>\n\n\n\n<p> In jedem K\u00f6rper flie\u00dft Energie, das sogenannte Ki.Durch spezielle Atemtechniken&nbsp; lernen HAP KI DO-Sch\u00fcler diese Energie an einem bestimmten Punkt in der K\u00f6rpermitte zu konzentrieren bzw. zu sammeln und auf speziellen Bahnen flie\u00dfen zu lassen, um sie an einem anderen, entfernten Punkt (Hand, Fu\u00df etc.) ein weiteres Mal zu konzentrieren.Beim Ausf\u00fchren der HAP KI DO-Technik wird diese Energie dann freigesetzt und verst\u00e4rkt die Wirkung der Technik zum Beispiel bei einem Schlag oder einem Tritt.&nbsp;Auch im Alltagsleben soll der Hap Ki Do Sch\u00fcler lernen, seine Energie flie\u00dfen zu lassen. Gesundheit, Zufriedenheit und ein harmonisches Umfeld resultieren aus dieser Einsicht. <\/p>\n<\/div><\/div>\n\n\n\n<h3 class=\"wp-block-heading\">Das Prinzip der Einwirkung (Hwa)<\/h3>\n\n\n\n<figure class=\"wp-block-image size-large\"><img decoding=\"async\" src=\"http:\/\/localhost\/hapkido\/wp-content\/uploads\/2020\/04\/EinwirkungsPrinzip-300x250-1.png\" alt=\"\" class=\"wp-image-363\"\/><\/figure>\n\n\n\n<div class=\"wp-block-group\"><div class=\"wp-block-group__inner-container is-layout-flow wp-block-group-is-layout-flow\">\n<figure class=\"wp-block-image size-large\"><img decoding=\"async\" src=\"http:\/\/localhost\/hapkido\/wp-content\/uploads\/2020\/04\/EinwirkungsPrinzip-300x250-2.png\" alt=\"\" class=\"wp-image-364\"\/><\/figure>\n\n\n\n<figure class=\"wp-block-image size-large\"><img loading=\"lazy\" decoding=\"async\" width=\"300\" height=\"250\" src=\"http:\/\/localhost\/hapkido\/wp-content\/uploads\/2020\/04\/EinwirkungsPrinzip-300x250-1.png\" alt=\"\" class=\"wp-image-366\"\/><\/figure>\n\n\n\n<div class=\"wp-block-image\"><figure class=\"alignright size-large\"><img loading=\"lazy\" decoding=\"async\" width=\"300\" height=\"252\" src=\"http:\/\/localhost\/hapkido\/wp-content\/uploads\/2020\/03\/Kreisprinzip-300x252-1.png\" alt=\"\" class=\"wp-image-16\"\/><\/figure><\/div>\n\n\n\n<div class=\"wp-block-image\"><figure class=\"alignright size-large\"><img decoding=\"async\" src=\"http:\/\/localhost\/hapkido\/wp-content\/uploads\/2020\/03\/EinwirkungsPrinzip-300x250-1.png\" alt=\"\" class=\"wp-image-12\"\/><\/figure><\/div>\n\n\n\n<p> Das Prinzip der Einwirkung beinhaltet physische Einwirkung wie K\u00f6rperhaltung, Muskeltonus, Gestik, Mimik, Blickkontakt etc. und psychische Einwirkung. Zur psychischen Einwirkung geh\u00f6ren intuitiv Wahrgenommenes wie Gef\u00fchle, Ahnungen und \u00c4hnliches.&nbsp;Der HAP KI DO-Sch\u00fcler trainiert bewusst Blickkontakt und K\u00f6rperspannung w\u00e4hrend dem Ausf\u00fchren der Techniken.&nbsp; Dadurch wirkt er auf sein Gegen\u00fcber ein und signalisiert sofort ein gewisses Ma\u00df an Selbstbewusstsein und Achtsamkeit.&nbsp;HAP KI DO lehrt und schult den Umgang mit diesen Einwirkungen.Das Prinzip der Einwirkung kann auch im Alltag eines HAP KI DO-Sch\u00fclers von gro\u00dfem Nutzen beim Schutz vor physischen oder psychischen Angriffen sein. <\/p>\n<\/div><\/div>\n","protected":false},"excerpt":{"rendered":"<p>HAP KI DO&nbsp;ist in seinen Techniken und ganz allgemein auf drei Prinzipien aufgebaut:&nbsp;Kreis&nbsp;\u2013&nbsp;Fluss&nbsp;\u2013&nbsp;Einwirkung. Alle drei Prinzipien vereinigen sich in jeder Hap Ki Do Technik. Auch der Lebensweg des Hap Ki Do Sch\u00fclers basiert auf diesen Prinzipien. Durch das Studium der Hap Ki Do Techniken lernt der Sch\u00fcler die Prinzipien zu [&hellip;]<\/p>\n","protected":false},"author":1,"featured_media":0,"parent":0,"menu_order":0,"comment_status":"closed","ping_status":"closed","template":"page-templates\/template-fullwidth.php","meta":{"footnotes":""},"class_list":["post-53","page","type-page","status-publish","hentry"],"_links":{"self":[{"href":"https:\/\/www.hapkido-salzburg.at\/hapkido\/wp-json\/wp\/v2\/pages\/53","targetHints":{"allow":["GET"]}}],"collection":[{"href":"https:\/\/www.hapkido-salzburg.at\/hapkido\/wp-json\/wp\/v2\/pages"}],"about":[{"href":"https:\/\/www.hapkido-salzburg.at\/hapkido\/wp-json\/wp\/v2\/types\/page"}],"author":[{"embeddable":true,"href":"https:\/\/www.hapkido-salzburg.at\/hapkido\/wp-json\/wp\/v2\/users\/1"}],"replies":[{"embeddable":true,"href":"https:\/\/www.hapkido-salzburg.at\/hapkido\/wp-json\/wp\/v2\/comments?post=53"}],"version-history":[{"count":10,"href":"https:\/\/www.hapkido-salzburg.at\/hapkido\/wp-json\/wp\/v2\/pages\/53\/revisions"}],"predecessor-version":[{"id":368,"href":"https:\/\/www.hapkido-salzburg.at\/hapkido\/wp-json\/wp\/v2\/pages\/53\/revisions\/368"}],"wp:attachment":[{"href":"https:\/\/www.hapkido-salzburg.at\/hapkido\/wp-json\/wp\/v2\/media?parent=53"}],"curies":[{"name":"wp","href":"https:\/\/api.w.org\/{rel}","templated":true}]}}